mmon factor of 164808 and 21.
21
Calculate the highest common factor of 342 and 324.
18
Calculate the highest common factor of 58 and 116.
58
What is the greatest common factor of 800 and 100?
100
What is the greatest common factor of 12 and 708?
12
What is the greatest common divisor of 8 and 2312?
8
What is the highest common factor of 40 and 200?
40
What is the greatest common factor of 22 and 2563?
11
Calculate the highest common divisor of 6550 and 50.
50
What is the greatest common factor of 8 and 7?
1
What is the greatest common divisor of 5180 and 1850?
370
What is the greatest common divisor of 2365 and 430?
215
Calculate the highest common divisor of 468 and 108.
36
What is the greatest common factor of 10 and 595?
5
What is the greatest common factor of 34 and 425?
17
What is the highest common divisor of 95 and 893?
19
Calculate the highest common factor of 392 and 112.
56
Calculate the highest common factor of 355 and 568.
71
What is the greatest common divisor of 225 and 27?
9
Calculate the highest common factor of 291 and 388.
97
What is the greatest common divisor of 153 and 969?
51
Calculate the highest common factor of 85 and 8245.
85
What is the greatest common divisor of 4018 and 196?
98
What is the highest common factor of 375 and 2000?
125
Calculate the greatest common divisor of 530 and 477.
53
Calculate the highest common divisor of 627 and 2717.
209
What is the highest common factor of 85 and 1020?
85
What is the greatest common divisor of 183 and 75?
3
Calculate the highest common divisor of 25 and 325.
25
What is the highest common factor of 2 and 58?
2
What is the highest common factor of 24 and 195?
3
What is the highest common factor of 9 and 23589?
9
What is the highest common divisor of 5149 and 813?
271
What is the greatest common divisor of 874 and 2584?
38
Calculate the greatest common divisor of 470 and 10.
10
Calculate the greatest common factor of 2773 and 236.
59
What is the greatest common factor of 65 and 520?
65
Calculate the highest common divisor of 2 and 3203.
1
Calculate the highest common divisor of 21 and 336.
21
What is the greatest common divisor of 30030 and 210?
210
What is the highest common factor of 13956 and 24?
12
What is the greatest common divisor of 12 and 25572?
12
What is the highest common factor of 42 and 2373?
21
What is the highest common divisor of 2166 and 1710?
114
What is the greatest common divisor of 161 and 112?
7
What is the highest common divisor of 130 and 230?
10
Calculate the highest common divisor of 168 and 768.
24
Calculate the highest common divisor of 47 and 1.
1
What is the highest common divisor of 1 and 49?
1
Calculate the greatest common factor of 48 and 31632.
48
Calculate the highest common divisor of 41 and 656.
41
Calculate the highest common factor of 11 and 451.
11
Calculate the greatest common factor of 2550 and 100.
50
What is the highest common divisor of 152 and 228?
76
Calculate the greatest common divisor of 58 and 1131.
29
Calculate the highest common divisor of 14 and 2590.
14
Calculate the greatest common divisor of 324 and 30.
6
Calculate the highest common factor of 10 and 42010.
10
What is the greatest common divisor of 316 and 4?
4
What is the highest common factor of 270 and 84?
6
What is the highest common factor of 9295 and 55?
55
Calculate the greatest common divisor of 208 and 10088.
104
Calculate the greatest common factor of 945 and 645.
15
What is the highest common factor of 3310 and 10?
10
Calculate the greatest common factor of 365 and 511.
73
What is the highest common divisor of 237 and 261?
3
What is the highest common factor of 3144 and 72?
24
Calculate the greatest common divisor of 50 and 30.
10
Calculate the highest common divisor of 18 and 10002.
6
Calculate the greatest common divisor of 2 and 54.
2
What is the highest common divisor of 350 and 84?
14
What is the highest common divisor of 62 and 26722?
62
Calculate the highest common divisor of 783 and 72.
9
Calculate the highest common divisor of 15 and 1.
1
Calculate the greatest common divisor of 3 and 108.
3
Calculate the highest common divisor of 212 and 13939.
53
Calculate the greatest common divisor of 54 and 846.
18
Calculate the greatest common divisor of 1794 and 65.
13
Calculate the greatest common factor of 537 and 6.
3
Calculate the greatest common divisor of 56 and 42.
14
What is the greatest common divisor of 156 and 130?
26
Calculate the highest common divisor of 21 and 5880.
21
What is the greatest common divisor of 110 and 66?
22
What is the highest common factor of 8 and 108?
4
Calculate the greatest common divisor of 1003 and 17.
17
Calculate the greatest common factor of 84 and 840.
84
Calculate the highest common factor of 3450 and 2645.
115
Calculate the highest common factor of 962 and 74.
74
What is the highest common factor of 48 and 393?
3
Calculate the highest common factor of 1166 and 1430.
22
What is the highest common divisor of 50 and 17050?
50
What is the highest common factor of 3 and 3?
3
Calculate the greatest common divisor of 108 and 528.
12
Calculate the greatest common factor of 20 and 356.
4
Calculate the highest common divisor of 21 and 4011.
21
What is the greatest common divisor of 3 and 1059?
3
Calculate the highest common factor of 46 and 598.
46
Calculate the greatest common divisor of 10 and 2780.
10
What is the greatest common factor of 84 and 2835?
21
What is the greatest common divisor of 1098 and 54?
18
Calculate the highest common factor of 340 and 374.
34
What is the highest common divisor of 4335 and 120?
15
What is the greatest common divisor of 325 and 1053?
13
What is the greatest common divisor of 21105 and 75?
15
Calculate the greatest common divisor of 723 and 16147.
241
Calculate the highest common factor of 24 and 12072.
24
What is the highest common divisor of 4 and 4?
4
Calculate the highest common divisor of 55 and 495.
55
Calculate the greatest common factor of 4671 and 9.
9
What is the highest common divisor of 1010 and 10?
10
Calculate the greatest common factor of 63 and 399.
21
Calculate the highest common factor of 320 and 65.
5
What is the greatest common factor of 63 and 99?
9
What is the greatest common divisor of 2730 and 624?
78
What is the highest common factor of 70 and 28?
14
What is the highest common divisor of 3 and 153?
3
Calculate the greatest common divisor of 1518 and 66.
66
Calculate the greatest common divisor of 25 and 200.
25
What is the highest common divisor of 15 and 135?
15
Calculate the greatest common factor of 355 and 49345.
355
What is the highest common factor of 20 and 148?
4
Calculate the highest common factor of 93 and 744.
93
What is the greatest common factor of 13 and 1807?
13
What is the greatest common factor of 237 and 20777?
79
What is the greatest common divisor of 3689 and 51?
17
What is the greatest common factor of 12 and 1284?
12
What is the greatest common factor of 381 and 7366?
127
What is the greatest common factor of 500 and 1250?
250
What is the greatest common divisor of 1562 and 71?
71
Calculate the greatest common factor of 7579 and 33.
11
What is the highest common factor of 10373 and 253?
253
Calculate the highest common divisor of 7185 and 45.
15
What is the highest common factor of 21534 and 194?
194
Calculate the greatest common factor of 36 and 45.
9
Calculate the greatest common divisor of 208 and 15964.
52
What is the greatest common factor of 4 and 32?
4
Calculate the greatest common divisor of 3409 and 21.
7
What is the highest common divisor of 6771 and 549?
183
What is the highest common factor of 7220 and 133?
19
What is the highest common divisor of 110 and 2288?
22
What is the greatest common divisor of 334 and 22?
2
Calculate the greatest common divisor of 1343 and 4898.
79
What is the highest common divisor of 13 and 125749?
13
Calculate the greatest common factor of 49 and 833.
49
Calculate the highest common divisor of 2603 and 19.
19
What is the greatest common divisor of 1691 and 76?
19
What is the highest common factor of 405 and 1035?
45
Calculate the greatest common divisor of 1480 and 40.
40
Calculate the greatest common factor of 989 and 43.
43
Calculate the greatest common factor of 66 and 1815.
33
What is the highes